 the hundred thousands digit of 153862213?
8
What is the ten millions digit of 2253696138?
5
What is the ten millions digit of 31257826?
3
What is the hundreds digit of 44484761?
7
What is the units digit of 49764058?
8
What is the units digit of 125226813?
3
What is the hundred millions digit of 487739170?
4
What is the millions digit of 53395872?
3
What is the units digit of 776258062?
2
What is the units digit of 29595038?
8
What is the ten thousands digit of 3325463026?
6
What is the thousands digit of 217141075?
1
What is the ten millions digit of 2438611799?
3
What is the tens digit of 6068483471?
7
What is the ten thousands digit of 148558402?
5
What is the hundreds digit of 163398957?
9
What is the tens digit of 94117686?
8
What is the hundred millions digit of 109137929?
1
What is the millions digit of 97155874?
7
What is the millions digit of 78412300?
8
What is the ten millions digit of 868844344?
6
What is the units digit of 21271514?
4
What is the thousands digit of 358613308?
3
What is the millions digit of 179138872?
9
What is the hundreds digit of 4807500628?
6
What is the units digit of 1746105584?
4
What is the units digit of 58976512?
2
What is the hundred millions digit of 1212049751?
2
What is the thousands digit of 95522018?
2
What is the hundred millions digit of 748492646?
7
What is the hundred millions digit of 152304358?
1
What is the tens digit of 1113181260?
6
What is the ten thousands digit of 31998305?
9
What is the hundreds digit of 279671041?
0
What is the hundred millions digit of 191508734?
1
What is the hundreds digit of 55484780?
7
What is the thousands digit of 95524414?
4
What is the hundred millions digit of 616080502?
6
What is the thousands digit of 61716660?
6
What is the millions digit of 2160326271?
0
What is the ten millions digit of 46273738?
4
What is the millions digit of 292521279?
2
What is the ten millions digit of 112019621?
1
What is the ten thousands digit of 16177715?
7
What is the millions digit of 35381738?
5
What is the thousands digit of 105810303?
0
What is the ten thousands digit of 418589371?
8
What is the units digit of 85335677?
7
What is the thousands digit of 1894153?
4
What is the tens digit of 2786189797?
9
What is the hundred thousands digit of 1739216202?
2
What is the ten thousands digit of 71863960?
6
What is the hundred thousands digit of 4261701227?
7
What is the hundred thousands digit of 597692538?
6
What is the hundred thousands digit of 105591006?
5
What is the hundreds digit of 6994855011?
0
What is the hundreds digit of 3261812115?
1
What is the thousands digit of 478599144?
9
What is the units digit of 2030070391?
1
What is the hundreds digit of 663511541?
5
What is the units digit of 248532416?
6
What is the hundreds digit of 54502645?
6
What is the units digit of 188719766?
6
What is the hundred thousands digit of 238059992?
0
What is the hundreds digit of 278075255?
2
What is the hundreds digit of 70494417?
4
What is the units digit of 8777915?
5
What is the ten thousands digit of 102821430?
2
What is the units digit of 281990060?
0
What is the millions digit of 5094574?
5
What is the thousands digit of 3300724298?
4
What is the ten millions digit of 61621443?
6
What is the ten thousands digit of 143869815?
6
What is the ten thousands digit of 1969362568?
6
What is the millions digit of 195970435?
5
What is the thousands digit of 8933489495?
9
What is the hundred thousands digit of 26853152?
8
What is the hundred thousands digit of 98333046?
3
What is the units digit of 5222415887?
7
What is the ten thousands digit of 543544597?
4
What is the millions digit of 27127638?
7
What is the thousands digit of 6802990742?
0
What is the thousands digit of 415523166?
3
What is the thousands digit of 139765423?
5
What is the hundred millions digit of 1592179863?
5
What is the hundreds digit of 1200384225?
2
What is the ten millions digit of 1609361272?
0
What is the millions digit of 646277138?
6
What is the hundred thousands digit of 3537779089?
7
What is the hundred millions digit of 2413609750?
4
What is the ten millions digit of 825731120?
2
What is the tens digit of 189466991?
9
What is the tens digit of 736244758?
5
What is the ten thousands digit of 65258958?
5
What is the millions digit of 62960398?
2
What is the millions digit of 120539560?
0
What is the thousands digit of 79866178?
6
What is the tens digit of 6699393538?
3
What is the millions digit of 492050371?
2
What is the ten millions digit of 82638618?
8
What is the hundred millions digit of 579554259?
5
What is the tens digit of 34360738?
3
What is the ten millions digit of 290337638?
9
What is the hundreds digit of 1898699907?
9
What is the units digit of 50255133?
3
What is the ten millions digit of 360346448?
6
What is the ten millions digit of 3634212811?
3
What is the tens digit of 2344698688?
8
What is the thousands digit of 6792866580?
6
What is the hundred thousands digit of 8870995847?
9
What is the hundreds digit of 61888195?
1
What is the tens digit of 6820494?
9
What is the thousands digit of 466234479?
4
What is the millions digit of 24821273?
4
What is the ten thousands digit of 88443893?
4
What is the tens digit of 474984857?
5
What is the millions digit of 243711046?
3
What is the tens digit of 446130889?
8
What is the ten thousands digit of 1000955161?
5
What is the thousands digit of 45207331?
7
What is the hundred thousands digit of 2307005005?
0
What is the ten thousands digit of 981130326?
3
What is the hundreds digit of 2408845472?
4
What is the thousands digit of 1099096739?
6
What is the hundred thousands digit of 85912569?
9
What is the ten thousands digit of 30872472?
7
What is the millions digit of 25951994?
5
What is the millions digit of 1206378817?
6
What is the units digit of 1469670184?
4
What is the hundred thousands digit of 1383921091?
9
What is the millions digit of 1805483381?
5
What is the hundreds digit of 31692133?
1
What is the ten thousands digit of 312471278?
7
What is the thousands digit of 47486909?
6
What is the hundreds digit of 553242638?
6
What is the tens digit of 3395929276?
7
What is the tens digit of 317807692?
9
What is the ten thousands digit of 99370156?
7
What is the tens digit of 378520679?
7
What is the thousands digit of 42784073?
4
What is the hundred thousands digit of 85022666?
0
What is the hundreds digit of 114477008?
0
What is the units digit of 6560441497?
7
What is the hundred millions digit of 895796770?
8
What is the hundred millions digit of 374424482?
3
What is the ten thousands digit of 14567009?
6
What is the hundred thousands digit of 310028889?
0
What is the hundreds digit of 5202336338?
3
What is the thousands digit of 291897?
1
What is the thousands digit of 277236072?
6
What is the tens digit of 100893233?
3
What is the tens digit of 1758369058?
5
What is the hundred millions digit of 1857146164?
8
What is the hundred thousands digit of 10967909?
9
What is the ten millions digit of 467718248?
6
What is the tens digit of 444669809?
0
What is the ten thousands digit of 180555629?
5
What is the thousands digit of 177584603?
4
What is the units digit of 7492030897?
7
What is the millions digit of 7678747643?
8
What is the tens digit of 634514191?
9
What is the ten millions digit of 65583419?
6
What is the ten thousands digit of 110397885?
9
What is the ten thousands digit of 259657807?
5
What is the hundred thousands digit of 4012816189?
8
What is the hundred thousands digit of 45596510?
5
What is the units digit of 19711?
1
What is the units digit of 20590194?
4
What is the ten thousands digit of 3197116212?
1
What is the hundred thousands digit of 217364001?
3
What is the thousands digit of 59692924?
2
What is the ten thousands digit of 109596631?
9
What is the ten thousands digit of 828915590?
1
What is the ten millions digit of 939840472?
3
What is the ten millions digit of 126423599?
2
What is the ten millions digit of 1921743990?
2
What is the millions digit of 70703347?
0
What is the tens digit of 61705701?
0
What is the tens digit of 4161610?
1
What is the hundreds digit of 305988000?
0
What is the hundred thousands digit of 1132302892?
3
What is the hundred thousands digit of 4543836?
5
What is the hundred thousands d